e tens digit of n?
7
Let w(h) = -4*h**2 - 2*h**3 + 18 - 16*h**2 + 67*h**2 + h. What is the hundreds digit of w(23)?
5
Let q(r) = 5086*r + 13982. What is the hundreds digit of q(13)?
1
Let w be (-14)/(-98) - (1 + 3/21). Let y(k) = -696*k + 10. What is the tens digit of y(w)?
0
Suppose y + 6 = 5*m - 9, 0 = 5*y. Suppose m*n - 115 = 944. What is the tens digit of n?
5
Suppose 2*k = -12*a + 16*a + 26, -3*a = -3*k + 27. Suppose -3*d + k*m + 2693 = 0, 2*d - 310 - 1517 = -3*m. What is the tens digit of d?
0
Let z be (-70)/(-245) - 206/(-14). Suppose z*n = 6*n + 4095. What is the tens digit of n?
5
Suppose 0 = -4*l - 3*d + 17, -4*d = -3*l + 4*l - 14. Suppose -2*r + 1009 = -3*j, -7*r = -l*r - 3*j - 2545. Suppose 11*n - r = 3*n. What is the units digit of n?
4
Let b(a) = -a**3 + 24*a**2 - 75*a + 21. Let g(d) = d**2 + 9*d + 10. Let r be g(-10). What is the tens digit of b(r)?
2
Let k = 114 - 110. Suppose k*j + 3*c - 1915 = -0*j, -5*c - 977 = -2*j. What is the tens digit of j?
8
Suppose 0 = -4*k - 0*k - 136. Let m = k + 36. Suppose -4*x + 2*z - 6*z = -164, 0 = -x - m*z + 46. What is the tens digit of x?
3
Let k = 405 - 419. What is the hundreds digit of (k/(-6) - -3)*36?
1
Let i(l) = 678*l + 3158. What is the ten thousands digit of i(66)?
4
Let w(a) = -2*a**3 - a**2 + 2*a + 3. Let q be w(-1). Let c = q - 29. Let p = 181 - c. What is the hundreds digit of p?
2
Let t = 0 + 50. Let j = 50 - t. Suppose j = 2*b + 5*l - 175, 5*b - 3*l = -l + 452. What is the tens digit of b?
9
Let i(v) = -v**3 + 3*v**2 + 7*v - 11. Let n be i(4). Let m be (2410/(n + -6))/(-2). Suppose -m = -4*z + 395. What is the tens digit of z?
5
Let v = -29053 + 53847. What is the tens digit of v?
9
Let s(b) be the third derivative of b**5/6 + 2*b**4/3 + 27*b**3/2 + 232*b**2. What is the units digit of s(-10)?
1
Suppose k + 3*o = 18805, -k + 177*o - 173*o = -18742. What is the thousands digit of k?
8
What is the units digit of (18/(-27))/((-2)/(-3)) - 42430/(-10)?
2
Suppose 4*r - 47 = -k - 0*k, -4*k - 46 = -2*r. Let p(l) = 29 - r - l - 8. What is the units digit of p(-13)?
1
Let w = -34101 + 54782. What is the ten thousands digit of w?
2
What is the hundreds digit of (1930/(-124) + 4/62)*-242?
7
Suppose -4*c + 70119 = -c + 6*c. What is the units digit of c?
1
Let l(r) = 103*r + 11. Let s be l(5). Let q = s + -408. What is the tens digit of q?
1
Let z = -352 + 2131. What is the units digit of z?
9
Suppose -p = 2*d - 6, -3*d - 5*p + 20 = 2*d. Suppose -1 + 23 = d*v. Let s = v - -93. What is the hundreds digit of s?
1
Let w = 102 + -110. Let l be (w - 8/(-4))/(3 + -5). What is the units digit of l + (3/21 - 75/35)?
1
Let f(d) = -d - 40*d**3 - 1 - 145*d**3 + 4*d**2 - 350*d**3 - 3*d**2 + 24*d**3. What is the units digit of f(-1)?
2
Let b(j) = 2*j - 33. Let s be b(13). Let v be 2 - s/(14/(-10)). What is the units digit of -6 + (-51)/(-9) - 769/v?
6
Let c = 1402 - 708. Suppose -m = -k + 337, -5*k + c + 946 = 4*m. What is the units digit of k?
2
Let o(a) = -59*a - 96. Let q be o(-2). Suppose m + 17 = 3*i, 0 = 2*i + 5*m + 5 - q. What is the units digit of i?
6
Suppose 5*t - 4*u + 1303 = 0, -1030 = 4*t - 4*u + 7*u. Let j = t + 369. What is the tens digit of j?
1
Suppose 5*w = -u + 4372, -23*w - 8789 = -2*u - 18*w. What is the units digit of u?
7
Suppose 14 - 9 = -5*i. Let s = i + 180. What is the units digit of s?
9
Let o = -355 - -1148. Let u = -543 + o. What is the tens digit of u?
5
Let z(o) = 13915*o**2 + 74*o - 75. What is the ten thousands digit of z(1)?
1
Suppose -9*j + 3*j = -978. Suppose 5*g - 302 = j. Suppose -k - 2*a + 73 = -g, -1 = a. What is the tens digit of k?
6
Let m = 70604 - 32287. What is the units digit of m?
7
Let i(o) = 2*o**2 + 7*o + 302. Suppose -4 = -2*x - 4. What is the tens digit of i(x)?
0
Let n(k) = -4*k**2 + 0 - 10 + 0 + 3 - 6*k + 0 - 9*k**3. What is the units digit of n(-3)?
8
Let q be (-3)/(((-2)/6)/(1555/45)). Suppose -2*l + q = -l. What is the units digit of l?
1
Suppose -13*j - 13*j = -104. Suppose 2481 = 3*b + 3*y, j*b - y - 862 - 2456 = 0. What is the units digit of b?
9
Let o(g) = 6*g - 236. Let b be o(39). What is the tens digit of ((-525)/84)/(b/104)?
2
Let m = -4240 + 11927. What is the hundreds digit of m?
6
Let r = -34 + 47. Suppose r*c = 9*c. Suppose 0 = -2*w - 5*o + 86, 2*w - w + 3*o - 42 = c. What is the tens digit of w?
4
Let n = -187 - -216. Suppose -20*c + n*c - 7911 = 0. What is the units digit of c?
9
Suppose -4*v - 1634 = -2*d, 4*d - 3290 = 2*v - 5*v. Suppose 7*b - 3652 - d = 0. What is the hundreds digit of b?
6
Let f be (1074/4)/(1158/3860). Suppose 4*y - 6 = y. Suppose 9*b - f = 4*b - 5*v, -5*b + 895 = y*v. What is the tens digit of b?
7
What is the units digit of (7752999/795)/((29/(-5) - -3) + 3)?
1
Let m(w) = -w**3 + 6*w**2 + w - 3. Let u(a) = a**2 - a - 1. Let t(c) = m(c) + 3*u(c). What is the units digit of t(6)?
0
Let r be -103*1 + (-3 - (-5 + 1)). Let h(f) = -36*f**2 - f. Let x be h(1). Let k = x - r. What is the tens digit of k?
6
Let a = 88 - 61. Suppose a*v = 25*v + 432. Suppose 78*w - 80*w = -v. What is the units digit of w?
8
Suppose 4*n - 85660 = -4*q, 5*q + 370*n - 107085 = 375*n. What is the units digit of q?
6
Let v be (-69)/15 + 5 + 603/5. Suppose -v + 41 = -2*b + 5*z, 3*b - 70 = -5*z. Let n = b - -56. What is the tens digit of n?
8
Let r = 11027 + -10118. What is the tens digit of r?
0
Let k(g) = -115*g + 35. Let z be k(-33). Suppose -5*p - 1400 + z = 0. What is the hundreds digit of p?
4
Suppose 3*t - 33 = 51. Suppose t*a - 26*a = 224. Let o = -25 + a. What is the tens digit of o?
8
Suppose -13155 = -9*u + 86142. Suppose 108*z = 91*z + u. What is the units digit of z?
9
Let h(v) = -563*v**3 - 49*v - 235. What is the ten thousands digit of h(-5)?
7
Let g be 2/(-3)*(5 + -14)*3. Let q(u) = u - 15. Let x be q(g). What is the units digit of x/(-3)*(2 - 165)?
3
Suppose 29761 = 5*x - 3540 - 9249. What is the tens digit of x?
1
Let i(k) = 92*k**2 + 67*k - 227. Let h(o) = -45*o**2 - 33*o + 114. Let f(c) = -13*h(c) - 6*i(c). What is the units digit of f(6)?
0
Let u(l) = 3*l**2 - 16*l - 2. Let w be u(6). Let t(p) = p**3 - 5*p**2 - 25*p + 19. What is the tens digit of t(w)?
6
Let h = -35344 - -66809. What is the hundreds digit of h?
4
Let j be (-1)/4 - 837/(-372). Suppose 839 = -j*s + 2321. What is the units digit of s?
1
Let l = 23 + -16. Suppose 9*r - 11 - l = 0. Suppose r*k - 240 = -3*k. What is the units digit of k?
8
Let q = 196 + -196. Suppose 2*w + 2*h - 12 = 990, -w + 2*h + 492 = q. What is the hundreds digit of w?
4
Let o = 14863 + -14175. What is the units digit of o?
8
Let n(i) = -i**3 - 17*i**2 - 15*i + 17. Let x be n(-16). Let k be 11 + -2 - 4/x. Suppose -k*p - 76 = -2*m - 2*p, 3*m - 120 = 3*p. What is the tens digit of m?
4
Suppose 181*d - 1575 = 166*d. What is the thousands digit of 140/d*(-7122)/(-8)?
1
Suppose 2*g = -9*r + 45282, 0 = 4*r - 4*g - 5359 - 14737. What is the thousands digit of r?
5
Let v = -1376 + 1951. Let y = v + -322. Suppose 4*l = y + 147. What is the units digit of l?
0
Let w(m) = 5*m + 37. Let j be w(-7). Suppose 308 = j*d - 326. What is the tens digit of d?
1
Suppose 1043 + 896 = 7*v. Let l = -220 + v. What is the tens digit of l?
5
Let c = -18 + 17. Let t be 0 - c - 9/((-54)/48). What is the units digit of t + -6 - (0 + -17)?
0
Let b(v) = -62*v + 2127. What is the units digit of b(17)?
3
Suppose 171031 = 7*g + 26*g + 5437. What is the units digit of g?
8
Let g = -21 + 23. Let w(m) = 3*m + 10. Let j be w(g). Suppose c + i - 45 = -2*i, -4*i = j. What is the units digit of c?
7
Suppose 2*s - r - 20024 = 16610, 3*s - 2*r - 54948 = 0. What is the hundreds digit of s?
3
Let o(z) = z**2 + 17*z + 44. Let k be o(-10). What is the tens digit of (10 - k)/(70/(-76) + 1)?
5
Let a = 46 + -36. Suppose 0 = 2*t + t + 2*n - a, -2*t + 12 = 4*n. What is the units digit of 56 - -2*(-4 + t)?
2
Let d = -16 - -18. Let u be (-12762)/(-21) + d/7. Suppose -5*p - 223 = -u. What is the tens digit of p?
7
Let l(a) = -1365*a + 37806. What is the thousands digit of l(0)?
7
Let v = 255 - 174. Suppose v*k - 97*k = -9296. What is the tens digit of k?
8
Suppose -792*t - s = -789*t - 210115, 4*s - 140090 = -2*t. What is the tens digit of t?
3
Let y(v) = -3*v**2 + 24*v + 114. Let k be y(-19). Let h = -114 - k. What is the thousands digit 